digit of 256?
5
What is the tens digit of 46461?
6
What is the ten thousands digit of 177787?
7
What is the thousands digit of 32201?
2
What is the thousands digit of 1377?
1
What is the units digit of 27?
7
What is the tens digit of 16843?
4
What is the hundreds digit of 5940?
9
What is the thousands digit of 27328?
7
What is the tens digit of 1663?
6
What is the hundreds digit of 348?
3
What is the units digit of 1074?
4
What is the tens digit of 31776?
7
What is the units digit of 93924?
4
What is the tens digit of 23680?
8
What is the units digit of 865?
5
What is the thousands digit of 18097?
8
What is the tens digit of 399?
9
What is the tens digit of 1569?
6
What is the thousands digit of 158068?
8
What is the hundreds digit of 377?
3
What is the tens digit of 21795?
9
What is the thousands digit of 4384?
4
What is the units digit of 19076?
6
What is the tens digit of 7251?
5
What is the hundreds digit of 2331?
3
What is the hundreds digit of 7872?
8
What is the thousands digit of 9131?
9
What is the tens digit of 6298?
9
What is the tens digit of 22160?
6
What is the thousands digit of 3104?
3
What is the tens digit of 4482?
8
What is the units digit of 13741?
1
What is the units digit of 1332?
2
What is the units digit of 274?
4
What is the thousands digit of 15625?
5
What is the thousands digit of 3931?
3
What is the units digit of 1049?
9
What is the units digit of 4?
4
What is the tens digit of 94?
9
What is the thousands digit of 3665?
3
What is the thousands digit of 29750?
9
What is the ten thousands digit of 68379?
6
What is the tens digit of 2124?
2
What is the units digit of 8238?
8
What is the ten thousands digit of 66333?
6
What is the tens digit of 37549?
4
What is the ten thousands digit of 47367?
4
What is the units digit of 93925?
5
What is the tens digit of 7089?
8
What is the thousands digit of 36829?
6
What is the ten thousands digit of 56465?
5
What is the units digit of 745?
5
What is the tens digit of 2590?
9
What is the units digit of 2835?
5
What is the tens digit of 75767?
6
What is the ten thousands digit of 19765?
1
What is the units digit of 579?
9
What is the hundred thousands digit of 100830?
1
What is the hundreds digit of 957?
9
What is the hundreds digit of 9580?
5
What is the thousands digit of 13263?
3
What is the thousands digit of 7585?
7
What is the tens digit of 119988?
8
What is the thousands digit of 3909?
3
What is the ten thousands digit of 40688?
4
What is the units digit of 749?
9
What is the hundreds digit of 122638?
6
What is the tens digit of 1149?
4
What is the thousands digit of 1473?
1
What is the hundreds digit of 7938?
9
What is the hundreds digit of 3333?
3
What is the thousands digit of 4536?
4
What is the hundreds digit of 771?
7
What is the tens digit of 598?
9
What is the hundreds digit of 2392?
3
What is the thousands digit of 63710?
3
What is the hundreds digit of 2283?
2
What is the tens digit of 12809?
0
What is the tens digit of 286?
8
What is the hundreds digit of 3864?
8
What is the thousands digit of 3493?
3
What is the hundreds digit of 1501?
5
What is the thousands digit of 5879?
5
What is the hundreds digit of 301?
3
What is the units digit of 6474?
4
What is the thousands digit of 9136?
9
What is the units digit of 7067?
7
What is the thousands digit of 4713?
4
What is the hundreds digit of 8863?
8
What is the hundreds digit of 1313?
3
What is the tens digit of 8524?
2
What is the units digit of 2926?
6
What is the hundreds digit of 1289?
2
What is the hundreds digit of 51712?
7
What is the hundreds digit of 1573?
5
What is the hundreds digit of 41758?
7
What is the hundreds digit of 919?
9
What is the thousands digit of 5974?
5
What is the thousands digit of 9034?
9
What is the units digit of 532?
2
What is the units digit of 19076?
6
What is the ten thousands digit of 39801?
3
What is the hundreds digit of 826?
8
What is the thousands digit of 44174?
4
What is the thousands digit of 19405?
9
What is the hundreds digit of 38622?
6
What is the thousands digit of 4208?
4
What is the hundreds digit of 391?
3
What is the tens digit of 468?
6
What is the tens digit of 545?
4
What is the hundreds digit of 159?
1
What is the units digit of 47552?
2
What is the ten thousands digit of 21911?
2
What is the units digit of 113?
3
What is the hundreds digit of 24448?
4
What is the units digit of 35556?
6
What is the hundred thousands digit of 126095?
1
What is the units digit of 44544?
4
What is the ten thousands digit of 10862?
1
What is the tens digit of 67404?
0
What is the units digit of 39066?
6
What is the hundreds digit of 5595?
5
What is the units digit of 5400?
0
What is the units digit of 23463?
3
What is the units digit of 54884?
4
What is the hundreds digit of 11958?
9
What is the tens digit of 44413?
1
What is the tens digit of 3233?
3
What is the hundreds digit of 971?
9
What is the ten thousands digit of 44144?
4
What is the units digit of 362?
2
What is the tens digit of 1844?
4
What is the units digit of 7513?
3
What is the tens digit of 7794?
9
What is the ten thousands digit of 12579?
1
What is the thousands digit of 5285?
5
What is the tens digit of 474?
7
What is the hundreds digit of 2796?
7
What is the tens digit of 1366?
6
What is the thousands digit of 80690?
0
What is the hundreds digit of 1814?
8
What is the hundreds digit of 30338?
3
What is the hundreds digit of 37810?
8
What is the units digit of 69?
9
What is the hundred thousands digit of 124935?
1
What is the tens digit of 3347?
4
What is the tens digit of 2848?
4
What is the tens digit of 3407?
0
What is the hundreds digit of 1454?
4
What is the hundreds digit of 1378?
3
What is the thousands digit of 4692?
4
What is the tens digit of 68872?
7
What is the thousands digit of 2404?
2
What is the tens digit of 17654?
5
What is the ten thousands digit of 16653?
1
What is the thousands digit of 7314?
7
What is the thousands digit of 67643?
7
What is the hundreds digit of 7164?
1
What is the ten thousands digit of 10726?
1
What is the units digit of 16274?
4
What is the thousands digit of 4949?
4
What is the tens digit of 4382?
8
What is the thousands digit of 6517?
6
What is the hundreds digit of 2507?
5
What is the ten thousands digit of 10002?
1
What is the tens digit of 4117?
1
What is the tens digit of 572?
7
What is the units digit of 48375?
5
What is the tens digit of 4526?
2
What is the hundreds digit of 11923?
9
What is the thousands digit of 5594?
5
What is the thousands digit of 3275?
3
What is the hundreds digit of 1246?
2
What is the hundreds digit of 717?
7
What is the thousands digit of 123774?
3
What is the units digit of 84631?
1
What is the units digit of 800?
0
What is the ten thousands digit of 29549?
2
What is the tens digit of 1648?
4
What is the tens digit of 681?
8
What is the tens digit of 3553?
5
What is the hundreds digit of 352?
3
What is the tens digit of 34536?
3
What is the thousands digit of 5529?
5
What is the hundreds digit of 7234?
2
What is the thousands digit of 1284?
1
What is the tens digit of 22949?
4
What is the tens digit of 2696?
9
What is the hundreds digit of 51517?
5
What is the units digit of 103774?
4
What is the thousands digit of 99350?
9
What is the units digit of 2344?
4
What is the tens digit of 1142?
4
What is the units digit of 4653?
3
What is the units digit of 588?
8
What is the ten thousands digit of 18197?
1
What is the ten thousands digit of 198168?
9
What is the tens digit of 1506?
0
What is the hundreds digit of 3404?
4
What is the hundreds digit of 8942?
9
What is the tens digit of 39090?
9
What is the tens digit of 973?
7
What is the ten thousands digit of 44052?
4
What is the tens digit of 1794?
9
What is the hundreds digit of 622?
6
What is the hundreds digit of 14839?
8
What is the thousands digit of 115538?
5
What is the units digit of 446?
6
What is the thousands digit of 1313?
1
What is the hundreds digit of 9124?
1
What is the thousands digit of 25802?
5
What is the hundreds digit of 7309?
3
What is the thousands digit of 5922?
5
What is the tens digit of 35218?
1
What is the thousands digit of 3382?
3
What is the hundreds digit of 4838?
8
What is the units digit of 844?
4
What is the thousands digit of 1179?
1
What is the uni